195. List the prime factors of s.
5, 13
Let t(v) = -36*v + 1. Let k be t(4). Let o(d) = -10*d + 181. Let p be o(39). Let a = k - p. What are the prime factors of a?
2, 3, 11
Let a(x) = x**3 + 8*x**2 + 2. Let w be a(-8). Let z(b) = 2*b - 5. Let o be z(5). Suppose -w*n + 55 = 3*n - o*u, 4 = 4*u. What are the prime factors of n?
2, 3
Suppose 2*i - 22 = -5*r, r + 2*r - 18 = -2*i. Suppose v + 0*v = 18. List the prime factors of 330/v + 4/i.
19
Suppose 0 = -j + 210 + 112. Suppose 110 + j = 3*f. What are the prime factors of (-4)/18 - (-9392)/f?
5, 13
What are the prime factors of 2/((8/(-1632))/((-2)/4))?
2, 3, 17
Suppose 3916 = 3*j - 5*k, 6*j - 2*k = 2*j + 5240. List the prime factors of j.
2, 41
Let b = 233 + -99. List the prime factors of 3 - 1 - (-8 - b).
2, 3
Let y(a) = 40*a**2 + 2*a - 2. Let p be y(1). Suppose 5*z - 225 - p = 0. List the prime factors of z.
53
Suppose 11*h = -0*h + 121. Let i = h - -3. What are the prime factors of i?
2, 7
What are the prime factors of -32 + 29 + (556 - (1 + -2))?
2, 277
Suppose -2*j + j = -21. Suppose -69 = -3*s + 3*u, -s + 5*u - 2 + j = 0. List the prime factors of s.
2, 3
Suppose -871 = -2*b - i, -i + 509 = b + 73. List the prime factors of b.
3, 5, 29
List the prime factors of (-10)/(210/(-12963)) - 4/14.
617
What are the prime factors of (-2 - 3)*(-46621)/115?
2027
Suppose j + 2*x = -2*x, 0 = x. Suppose j*c = -c - 2*g + 129, -2*c = g - 252. What are the prime factors of c?
5
What are the prime factors of (-22995)/(-20) - (126/(-24) + 5)?
2, 5, 23
Suppose 4*v - 5*d = 254, -28 + 84 = v - 5*d. Let z = v - 39. List the prime factors of z.
3
Let r = 665 - 326. List the prime factors of r.
3, 113
Suppose -t + 8 = -2. Let h be (-18)/(-15) + 8/t. Let g(q) = 18*q**2 - q - 4. What are the prime factors of g(h)?
2, 3, 11
Let s = -833 + 3478. What are the prime factors of s?
5, 23
Let n = 29 - 23. Suppose n*g + 19 = 7*g. List the prime factors of g.
19
Suppose 0*g - 20 = 5*g, -4625 = -j - 4*g. What are the prime factors of j?
3, 7, 13, 17
Let u be (9/6)/((-2)/(-24)). Let g = u - -2. List the prime factors of (-2)/(-2)*(g - 7).
13
Let f(m) = m**2 - 2*m - 19. Suppose 18*l - 40 = 13*l. List the prime factors of f(l).
29
Let b(l) = 9*l**3 - l**2 - 23*l + 32. List the prime factors of b(6).
2, 17, 53
Let h(v) be the first derivative of v**2 + v + 3. Let g be h(1). Let o(q) = -q**3 + 6*q**2 - q + 3. What are the prime factors of o(g)?
3
Let b(r) = -3*r**3 - r**2 - 4*r + 2. Let m(i) = -3*i**3 - 2*i**2 - 3*i + 2. Let a(n) = -3*b(n) + 4*m(n). List the prime factors of a(-4).
2, 3, 19
Let n be (-15)/(-4) + 1/4. Suppose -5*k + 83 + 162 = 0. Suppose n*p = 3*b - 13 - 28, 0 = -3*b - 4*p + k. What are the prime factors of b?
3, 5
Let f(h) = 13*h**2 - 22*h - 11. List the prime factors of f(-6).
19, 31
Let s be 19/38*(-36)/(-2). Suppose 39 = 2*k - s. Let c = 86 - k. List the prime factors of c.
2, 31
Let d = -2711 - -4353. List the prime factors of d.
2, 821
Suppose 10*i - 148 = 1452. What are the prime factors of i?
2, 5
Let j be -1*(2 - 9)/1. Let r(q) = -q**3 + 10*q**2 - 14*q - 4. What are the prime factors of r(j)?
3, 5
List the prime factors of ((-4154)/18 + 58/(-261))*-15.
3, 5, 7, 11
Suppose 2*x - 7*x = -475. Suppose -3*k + 0*v + x = -2*v, 4*k = v + 135. What are the prime factors of (k - 0) + (-10 - -8)?
3, 11
Let b(n) = -4*n - 3. Let i be b(-3). Let g = i + 0. Let r = g - 3. List the prime factors of r.
2, 3
Let z(j) = 2*j**2 - 3 + j**2 - 5*j + 9 + 1. Let m be z(4). Let v = 108 - m. List the prime factors of v.
73
Let l = -64 + 16. Let j = 103 + l. List the prime factors of j.
5, 11
Suppose 21*k = 20*k + 104. Suppose 2*y - 126 = k. What are the prime factors of y?
5, 23
Let m = 9 - 7. What are the prime factors of 89/m - (-3)/6?
3, 5
Suppose 5*p - 19 = -3*t, -4*p - 25 = -9*p. Let k(f) be the second derivative of -f**3 - 3*f**2/2 - f. List the prime factors of k(t).
3
Let r(g) = 6*g - 15. Let v be r(10). Let q(s) = -s**2 - 4*s. Let n be q(-3). Suppose -6*f + v = -n*f. What are the prime factors of f?
3, 5
Let y = 13 + -8. Suppose -y*l + 0*l = -225. List the prime factors of l.
3, 5
Let n be (-189)/(-36) + 1/(-4). Suppose -21 = s + r - 109, s - 70 = n*r. What are the prime factors of s?
5, 17
Suppose -28*h = -17*h - 21307. What are the prime factors of h?
13, 149
List the prime factors of (9/(-27))/(2/(-876)).
2, 73
Let z(x) = 32*x + 19 - 1 - x**2 - 28*x. Let r be z(6). Suppose -5*h = -r*w + w + 100, 0 = -h - 3. List the prime factors of w.
17
Let o = -49 - -51. Suppose -o*n + 5*q + 12 = 0, -8*n - 5*q = -3*n - 30. List the prime factors of n.
2, 3
Let j = 4 - -6. Suppose -2*g - j = -g. Let o = 16 + g. List the prime factors of o.
2, 3
Suppose 0 = 16*k - 118*k + 509490. List the prime factors of k.
3, 5, 37
Suppose 0 = -5*k + 11*k - 3438. What are the prime factors of k?
3, 191
List the prime factors of (-3)/(((-30)/52)/5).
2, 13
List the prime factors of ((2088/(-15))/6)/((-18)/900).
2, 5, 29
Let n(c) = -5 - 156*c + 19*c + 5. What are the prime factors of n(-1)?
137
Suppose -9*w = -5839 - 3170. List the prime factors of w.
7, 11, 13
Suppose 0 = -5*v - x + 1333 + 847, 0 = -v + x + 430. List the prime factors of v.
3, 5, 29
Suppose -7*o + 3*o + 12 = 0. Suppose -o*y - 5*b + 75 = -4, -5*y = -3*b - 143. What are the prime factors of y?
2, 7
Suppose -5*n - 4*l - 5 = -1150, 942 = 4*n - 2*l. List the prime factors of n.
233
Suppose 8*h - 52 = 852. What are the prime factors of h?
113
Let s(k) = 17*k - 81. What are the prime factors of s(27)?
2, 3, 7
Let a(d) = -d**3 + 4*d**2 - 3. Let o(v) = -v**3 + 3*v**2 + 3. Let w be o(3). Let h be a(w). List the prime factors of -3*(230/h)/(-5).
23
Let s = 2 - 11. Let a be (-936)/4*6/s. Suppose 4*m - a + 48 = 0. List the prime factors of m.
3
Suppose 0 = 10*a - 14*a + 140. Suppose 0 = 2*k - m - 68, -7*k + 8*k - m - a = 0. What are the prime factors of k?
3, 11
Let x(y) be the second derivative of -y**5/10 + y**3/3 + y**2 - 4*y. Let r(s) = s**2 - 6*s - 9. Let d be r(7). What are the prime factors of x(d)?
2, 7
Suppose -4*d = -4*k - 3236, -4*k + 785 = d + k. What are the prime factors of d?
5, 7, 23
Let g(h) = -h**3 - h**2 + h. Let v(a) = -64*a**3 - 3*a**2 + 6*a - 1. Let p(n) = 4*g(n) - v(n). What are the prime factors of p(1)?
2, 29
Suppose -761*c = -752*c - 1926. List the prime factors of c.
2, 107
Let u = -19 - -35. Suppose 3*q + u = 7*q. Suppose q*c = 4, 3*a - 3*c = 12 + 9. What are the prime factors of a?
2
Let l(v) = 15*v - 7. Let d be l(5). Let n be 13 + -10 + (3 + -1)/(-2). Suppose 5*y + 2*p - 188 = 0, -n*y + 5*p - 4*p + d = 0. What are the prime factors of y?
2, 3
Let o(f) be the first derivative of f**2/2 + 4*f + 46. Let k = 8 - 1. What are the prime factors of o(k)?
11
Let q(x) = x. Let s be q(4). Suppose -s*r - 6 = 3*a + 4, 0 = 4*r - a + 2. List the prime factors of (r/(-2))/((-2)/(-8)).
2
Let s = 186 - -346. What are the prime factors of s?
2, 7, 19
Let c = 329 + -191. List the prime factors of c.
2, 3, 23
Let g(b) = 12 + 9*b + 8*b + 9*b. List the prime factors of g(3).
2, 3, 5
Suppose 0 = 5*y - 2*d - 2*d - 605, -5*y = 5*d - 650. Suppose 5*r - 680 - y = 0. List the prime factors of r.
7, 23
Let p(n) = 66*n**2 + 9 + 4 - 3*n + 0*n - 4*n. List the prime factors of p(2).
263
Let s = -7 - -10. What are the prime factors of (-102)/(-2) + -7 + s?
47
Let g = 761 + -534. Let i = g - 127. Suppose -3*m + i = -56. List the prime factors of m.
2, 13
Suppose -2 = 3*q + 5*b - 17, -3*q + 2*b = 6. Suppose 3*l + q*l = 3*s, -3*s - 2*l - 10 = 0. Let y = 9 - s. What are the prime factors of y?
11
Suppose 3 = -2*d + 5. Let m be (-19)/5 - 13/65. List the prime factors of 390/24 + d/m.
2
Let n = -39 + 47. List the prime factors of ((-78)/(-8))/(1/n) + -2.
2, 19
Suppose 0 = -5*o + 3*o + 730. What are the prime factors of o?
5, 73
Let s(l) = 3*l**2 + 4*l + 17. Let m(b) = -2*b**2 - 2*b - 9. Let z(x) = -5*m(x) - 3*s(x). What are the prime factors of z(9)?
3, 19
Suppose -123*n = -128*n + 10225. List the prime factors of n.
5, 409
Suppose 20 = -4*b, 0 = -3*d + 7*d + 3*b - 2581. List the prime factors of d.
11, 59
Let v be (-3)/5 + (-42)/(-70). Suppose l + 7*l - 1592 = v. What are the prime factors of l?
199
Let u(v) = -705*v - 327. What are the prime factors of u(-7)?
2, 3
Let l(b) = 4*b**2 + 6*b + 11. Let y = 14